der when 375 is divided by 20?
15
Calculate the remainder when 338 is divided by 49.
44
Calculate the remainder when 597 is divided by 14.
9
What is the remainder when 153 is divided by 56?
41
Calculate the remainder when 115 is divided by 63.
52
What is the remainder when 261 is divided by 148?
113
Calculate the remainder when 482 is divided by 253.
229
Calculate the remainder when 253 is divided by 72.
37
Calculate the remainder when 2589 is divided by 136.
5
Calculate the remainder when 3593 is divided by 124.
121
What is the remainder when 368 is divided by 6?
2
What is the remainder when 4139 is divided by 23?
22
Calculate the remainder when 113 is divided by 25.
13
What is the remainder when 11589 is divided by 5?
4
What is the remainder when 75 is divided by 52?
23
Calculate the remainder when 33659 is divided by 45.
44
Calculate the remainder when 14054 is divided by 99.
95
Calculate the remainder when 611 is divided by 58.
31
Calculate the remainder when 212 is divided by 48.
20
What is the remainder when 3467 is divided by 102?
101
Calculate the remainder when 109 is divided by 47.
15
Calculate the remainder when 1609 is divided by 13.
10
Calculate the remainder when 14034 is divided by 121.
119
Calculate the remainder when 276 is divided by 98.
80
Calculate the remainder when 1981 is divided by 16.
13
What is the remainder when 37 is divided by 32?
5
Calculate the remainder when 20099 is divided by 402.
401
What is the remainder when 149 is divided by 69?
11
What is the remainder when 404 is divided by 81?
80
Calculate the remainder when 162 is divided by 155.
7
What is the remainder when 80 is divided by 25?
5
Calculate the remainder when 925 is divided by 83.
12
Calculate the remainder when 573 is divided by 115.
113
What is the remainder when 530 is divided by 67?
61
Calculate the remainder when 39 is divided by 8.
7
What is the remainder when 178 is divided by 93?
85
Calculate the remainder when 1662 is divided by 37.
34
Calculate the remainder when 781 is divided by 27.
25
Calculate the remainder when 281 is divided by 27.
11
What is the remainder when 155 is divided by 75?
5
What is the remainder when 91 is divided by 27?
10
Calculate the remainder when 1574 is divided by 8.
6
What is the remainder when 1710 is divided by 24?
6
What is the remainder when 2797 is divided by 30?
7
Calculate the remainder when 830 is divided by 813.
17
What is the remainder when 545 is divided by 255?
35
What is the remainder when 82 is divided by 29?
24
Calculate the remainder when 417 is divided by 57.
18
Calculate the remainder when 3653 is divided by 53.
49
Calculate the remainder when 116 is divided by 9.
8
Calculate the remainder when 758 is divided by 11.
10
Calculate the remainder when 1164 is divided by 234.
228
Calculate the remainder when 59 is divided by 22.
15
Calculate the remainder when 3254 is divided by 65.
4
Calculate the remainder when 21 is divided by 1.
0
What is the remainder when 640 is divided by 328?
312
What is the remainder when 10854 is divided by 205?
194
Calculate the remainder when 1299 is divided by 428.
15
What is the remainder when 1142 is divided by 22?
20
What is the remainder when 99 is divided by 34?
31
Calculate the remainder when 364 is divided by 179.
6
Calculate the remainder when 457 is divided by 27.
25
Calculate the remainder when 119 is divided by 34.
17
What is the remainder when 509 is divided by 15?
14
Calculate the remainder when 60 is divided by 7.
4
Calculate the remainder when 1185 is divided by 20.
5
Calculate the remainder when 1944 is divided by 103.
90
Calculate the remainder when 643 is divided by 7.
6
What is the remainder when 39 is divided by 6?
3
What is the remainder when 71 is divided by 15?
11
Calculate the remainder when 270 is divided by 81.
27
What is the remainder when 136 is divided by 27?
1
What is the remainder when 341 is divided by 8?
5
What is the remainder when 978 is divided by 21?
12
What is the remainder when 318 is divided by 52?
6
What is the remainder when 72 is divided by 23?
3
What is the remainder when 2978 is divided by 42?
38
What is the remainder when 2808 is divided by 17?
3
What is the remainder when 2334 is divided by 581?
10
Calculate the remainder when 590 is divided by 37.
35
What is the remainder when 203 is divided by 66?
5
What is the remainder when 893 is divided by 23?
19
Calculate the remainder when 970 is divided by 482.
6
What is the remainder when 195 is divided by 61?
12
What is the remainder when 497 is divided by 71?
0
What is the remainder when 327 is divided by 115?
97
Calculate the remainder when 14910 is divided by 32.
30
What is the remainder when 1544 is divided by 366?
80
Calculate the remainder when 120 is divided by 63.
57
Calculate the remainder when 80 is divided by 14.
10
What is the remainder when 5021 is divided by 11?
5
Calculate the remainder when 372 is divided by 47.
43
What is the remainder when 185 is divided by 36?
5
What is the remainder when 322 is divided by 36?
34
Calculate the remainder when 3014 is divided by 59.
5
What is the remainder when 775 is divided by 41?
37
Calculate the remainder when 858 is divided by 87.
75
Calculate the remainder when 2673 is divided by 84.
69
What is the remainder when 58 is divided by 8?
2
What is the remainder when 27 is divided by 16?
11
Calculate the remainder when 808 is divided by 175.
108
What is the remainder when 65 is divided by 30?
5
Calculate the remainder when 15675 is divided by 64.
59
Calculate the remainder when 3360 is divided by 57.
54
Calculate the remainder when 382 is divided by 14.
4
What is the remainder when 8938 is divided by 497?
489
Calculate the remainder when 9428 is divided by 131.
127
What is the remainder when 307 is divided by 12?
7
What is the remainder when 28 is divided by 12?
4
Calculate the remainder when 1847 is divided by 912.
23
What is the remainder when 528 is divided by 37?
10
What is the remainder when 193 is divided by 14?
11
Calculate the remainder when 136 is divided by 37.
25
Calculate the remainder when 201 is divided by 77.
47
What is the remainder when 43 is divided by 9?
7
Calculate the remainder when 167 is divided by 21.
20
What is the remainder when 2167 is divided by 70?
67
Calculate the remainder when 353 is divided by 10.
3
Calculate the remainder when 3012 is divided by 131.
130
Calculate the remainder when 900 is divided by 11.
9
What is the remainder when 193 is divided by 100?
93
What is the remainder when 277 is divided by 38?
11
Calculate the remainder when 1052 is divided by 117.
116
Calculate the remainder when 119 is divided by 15.
14
Calculate the remainder when 157 is divided by 26.
1
What is the remainder when 217 is divided by 55?
52
Calculate the remainder when 434 is divided by 63.
56
What is the remainder when 67 is divided by 34?
33
Calculate the remainder when 155 is divided by 39.
38
Calculate the remainder when 332 is divided by 85.
77
What is the remainder when 2855 is divided by 8?
7
What is the remainder when 826 is divided by 294?
238
Calculate the remainder when 1169 is divided by 46.
19
Calculate the remainder when 98 is divided by 22.
10
What is the remainder when 1724 is divided by 17?
7
What is the remainder when 1559 is divided by 774?
11
Calculate the remainder when 2612 is divided by 237.
5
What is the remainder when 6238 is divided by 779?
6
What is the remainder when 3509 is divided by 6?
5
What is the remainder when 498 is divided by 152?
42
What is the remainder when 2678 is divided by 9?
5
Calculate the remainder when 206 is divided by 16.
14
What is the remainder when 249 is divided by 52?
41
What is the remainder when 880 is divided by 13?
9
Calculate the remainder when 331 is divided by 77.
23
What is the remainder when 17 is divided by 10?
7
What is the remainder when 610 is divided by 9?
7
Calculate the remainder when 35 is divided by 6.
5
What is the remainder when 1214 is divided by 94?
86
Calculate the remainder when 1918 is divided by 20.
18
What is the remainder when 407 is divided by 197?
13
What is the remainder when 8 is divided by 4?
0
What is the remainder when 172 is divided by 160?
12
Calculate the remainder when 18808 is divided by 114.
112
What is the remainder when 3